at is a(32)?
2
Let d(z) = 11*z - 780. Calculate d(14).
-626
Let l(d) = d**2 - 61*d + 718. Calculate l(46).
28
Let a(k) = -846*k + 2336. Give a(3).
-202
Let f(m) = -2*m**2 - 36*m - 184. Give f(-10).
-24
Let s(q) = -3*q**2 - 305*q + 9197. Determine s(-126).
-1
Let j(g) = 779*g - 9336. Give j(12).
12
Let w(d) = 121*d**2 - 977*d - 3. Give w(8).
-75
Let j(h) = -h**2 + 34*h + 509. Determine j(46).
-43
Let y(b) = -b**3 + 11*b**2 - 15*b - 1. Calculate y(0).
-1
Let g(j) = -2*j**2 + 11*j + 47570. Give g(157).
-1
Let c(j) = -8*j + 126. Determine c(-27).
342
Let z(w) = -12*w + 483. Calculate z(24).
195
Let z(c) = -39*c**2 + 4007*c + 1032. Give z(103).
2
Let b(z) = -157*z - 933. Calculate b(-6).
9
Let j(v) = 3*v**3 + 11*v**2 + 11*v + 39. What is j(-3)?
24
Let d(a) = -2*a**3 - 51*a**2 + 18*a - 61. Determine d(-26).
147
Let y(x) = x**2 + 569*x + 8336. What is y(-15)?
26
Let x(d) = 5*d**2 - 5*d - 656. Calculate x(12).
4
Let f(r) = -9*r**3 + 97*r**2 - 2*r + 238. Determine f(11).
-26
Let u(w) = -54*w - 114. Determine u(-5).
156
Let v(m) = -m**3 - 18*m**2 + 2*m - 171. Determine v(-19).
152
Let r(o) = -o**3 + o**2 + 22*o - 33. Determine r(4).
7
Let j(o) = o**3 + 33*o**2 + 33*o - 160. Give j(-31).
739
Let l(s) = -27*s**2 + s - 25. Determine l(0).
-25
Let w(h) = h**3 + 75*h**2 - 165*h - 846. Calculate w(-77).
1
Let c(o) = -o**3 + 9*o**2 + 44*o - 45. Give c(12).
51
Let m(s) = -1181*s - 1064. Determine m(-1).
117
Let p(y) = y**3 + 7*y**2 - 25*y - 34. Calculate p(-11).
-243
Let s(u) = u**3 - 88*u**2 - 284*u + 1008. Give s(91).
7
Let x(o) = -o**2 - 122*o - 12. Calculate x(0).
-12
Let b(y) = y**3 + 14*y**2 + 25*y - 2. What is b(-12)?
-14
Let d(z) = z**2 - 34*z + 151. Determine d(8).
-57
Let i(n) = -n**3 + 11*n**2 - 29*n + 94. Calculate i(4).
90
Let f(c) = 7*c**2 - 80*c + 141. Give f(10).
41
Let k(m) = -2*m**2 - 26*m + 156. Determine k(-15).
96
Let h(l) = -l**3 - 98*l**2 - 93*l + 388. Give h(-97).
0
Let a(m) = -m**3 - 14*m**2 + 100*m + 1036. Determine a(-16).
-52
Let n(i) = 2*i**2 - 84*i + 716. Determine n(12).
-4
Let t(y) = y**2 + 737*y - 27. Determine t(0).
-27
Let l(c) = 41*c**2 + 1515*c - 75. Calculate l(-37).
-1
Let v(t) = -2*t**2 - 57*t - 621. Determine v(-10).
-251
Let w(v) = 82*v - 2841. What is w(35)?
29
Let u(w) = w**3 + 53*w**2 + 189*w + 7124. Give u(-52).
0
Let s(o) = 65*o + 1961. What is s(-30)?
11
Let t(l) = 3*l - 39. What is t(18)?
15
Let u(n) = 855*n - 4425. Calculate u(5).
-150
Let z(c) = 6*c**2 + 304*c + 42. Give z(-50).
-158
Let i(a) = -a**2 + 7*a - 1. Give i(2).
9
Let z(d) = -d**2 + 244*d + 2000. What is z(-8)?
-16
Let d(r) = 4167*r + 8363. Determine d(-2).
29
Let p(y) = 46*y - 350. Give p(4).
-166
Let z(i) = 43*i + 778. Calculate z(-18).
4
Let i(u) = 52*u**2 + 151*u - 2. What is i(-3)?
13
Let c(r) = -r**2 - 6*r + 75. Determine c(-11).
20
Let p(n) = -612*n - 423. Give p(-1).
189
Let n(j) = -j**2 - 279*j - 10927. Give n(-47).
-23
Let f(h) = 3*h**3 - 15*h**2 + 1. Calculate f(5).
1
Let k(i) = -4*i + 323. What is k(12)?
275
Let o(r) = -r**3 + 8*r**2 - 240*r + 1167. Calculate o(5).
42
Let o(p) = -4*p**2 + 162*p - 8. Determine o(0).
-8
Let a(b) = b**3 + 10*b**2 + 29*b - 35. What is a(-8)?
-139
Let n(k) = -k**3 - 22*k**2 - 78*k + 3. Calculate n(-5).
-32
Let c(i) = -5*i**2 + 299*i + 358. Give c(61).
-8
Let v(m) = -2*m**3 + 15*m**2 - 19*m + 14. Calculate v(5).
44
Let y(d) = 108*d + 2471. What is y(-23)?
-13
Let m(n) = -24*n**2 - 16*n - 184. Calculate m(-6).
-952
Let t(j) = -18*j**2 + 1814*j - 1813. What is t(1)?
-17
Let y(h) = -h**2 - 13*h + 64. Determine y(3).
16
Let m(g) = -g**3 + 7*g**2 + 4*g + 25. What is m(9)?
-101
Let n(z) = 2*z**2 - 8*z + 772. What is n(0)?
772
Let i(a) = -a**2 - 1067*a - 9518. Calculate i(-9).
4
Let t(q) = 2*q**2 - 14*q - 1551. Give t(-25).
49
Let j(i) = 2*i**3 - 24*i**2 + 69*i + 4. Calculate j(7).
-3
Let v(w) = 14*w + 411. Calculate v(-31).
-23
Let l(z) = z**3 + 6*z**2 - 12*z + 3. Calculate l(0).
3
Let z(h) = -67*h + 5042. Determine z(75).
17
Let a(b) = 64*b - 97. Give a(-5).
-417
Let f(x) = -161*x + 2907. Calculate f(18).
9
Let q(x) = x**2 + 19*x - 128. Give q(-25).
22
Let p(h) = -281*h + 1386. Give p(5).
-19
Let m(z) = -8*z**2 - 1470*z + 376. Calculate m(-184).
8
Let x(a) = -32*a - 301. Calculate x(-7).
-77
Let q(w) = -4*w**2 - 17*w - 5. Determine q(-5).
-20
Let k(i) = -5*i**3 - 2*i**2 + 5*i - 6. What is k(2)?
-44
Let m(u) = u**2 + 58*u + 447. Calculate m(-9).
6
Let d(k) = k**3 + 24*k + 65. What is d(0)?
65
Let n(d) = -d**3 + 90*d**2 + 7388*d + 203. Determine n(-52).
-5
Let h(p) = -p**3 + 52*p**2 - 279*p + 129. Determine h(46).
-9
Let m(f) = 5*f**3 - 23*f**2 + 5*f + 8. Calculate m(5).
83
Let v(y) = 6*y**2 + 292*y + 287. What is v(-48)?
95
Let g(h) = -114*h**2 + 3*h - 14. Calculate g(1).
-125
Let u(n) = -46*n**2 - 2*n + 122. Calculate u(5).
-1038
Let c(h) = h**3 - 36*h**2 + 3*h - 115. Determine c(36).
-7
Let h(g) = 11*g**2 + 211*g + 33. Calculate h(-19).
-5
Let a(g) = -51*g + 1800. Determine a(34).
66
Let p(t) = t**3 + 31*t**2 + 245*t + 71. Calculate p(-16).
-9
Let x(q) = q**3 - 21*q**2 + 97*q - 316. Calculate x(15).
-211
Let n(w) = 3*w**2 - 129*w + 598. Determine n(5).
28
Let t(l) = l**3 - 4*l**2 - 13*l + 53. Determine t(5).
13
Let z(j) = -174*j + 4729. Calculate z(27).
31
Let x(m) = -2*m**2 + 107*m + 762. Determine x(60).
-18
Let t(s) = -s**3 - 76*s**2 - 72*s + 149. What is t(-75)?
-76
Let a(q) = -11*q**2 + 86*q + 12. Calculate a(8).
-4
Let q(x) = -7*x**2 - 7*x + 11. Calculate q(-6).
-199
Let f(l) = -497*l + 1566. Determine f(3).
75
Let w(x) = -137*x**2 + 9315*x + 58. What is w(68)?
-10
Let h(x) = 107*x**2 + 1185*x + 80. Calculate h(-11).
-8
Let s(q) = 27*q + 61. Calculate s(3).
142
Let y(n) = -n**2 - 49*n - 128. Give y(-46).
10
Let c(x) = 178*x - 748. Give c(7).
498
Let x(o) = 518*o - 5. Give x(0).
-5
Let a(k) = 108*k - 13. Give a(-1).
-121
Let o(g) = g**3 - 3*g**2 - 27*g + 16. What is o(6)?
-38
Let j(k) = -213*k - 1071. What is j(-5)?
-6
Let f(y) = y**3 - 26*y**2 + 124*y + 233. Give f(17).
-260
Let p(l) = -87*l - 4250. Calculate p(-49).
13
Let s(b) = -121*b - 387. Calculate s(-3).
-24
Let d(t) = -t + 204. Calculate d(22).
182
Let j(z) = -35*z + 150. Determine j(-6).
360
Let i(t) = t**3 + 4*t**2 - t + 3. What is i(-3)?
15
Let g(d) = -2*d - 67. What is g(-3)?
-61
Let u(g) = -g**3 + 10*g**2 - 4*g + 57. What is u(9)?
102
Let d(s) = -14*s**2 + 215*s + 370. Calculate d(17).
-21
Let p(j) = -2*j**3 + 17*j**2 - 7*j + 40. What is p(8)?
48
Let i(r) = -3*r**3 - 151*r**2 - 231*r - 1751. Give i(-49).
-36
Let w(z) = -180*z - 7555. What is w(-42)?
5
Let r(w) = -196*w + 390. Calculate r(2).
-2
Let j(g) = 83*g - 6644. Calculate j(80).
-4
Let m(x) = -2*x**2 - 2883*x - 22932. Give m(-8).
4
Let f(i) = 15*i**2 - 327*i + 265. Determine f(21).
13
Let g(o) = -8*o**2 - 4*o + 53. What is g(-9)?
-559
Let u(a) = -8*a**2 + 19*a - 97. Calculate u(-6).
-499
Let u(w) = w**2 + 26*w - 563. What is u(14)?
-3
Let v(s) = -s**2 + 44*s - 248. Give v(10).
92
Let p(z) = 21*z + 700. Calculate p(-33).
7
Let k(g) = 97*g + 3781. Calculate k(-39).
-2
Let c(x) = 10*x - 495. Calculate c(49).
-5
Let p(v) = -v**2 + 112*v - 1281. What is p(13)?
6
Let j(f) = -f**3 + 39*f**2 - 319*f + 119. What is j(11)?
-2
Let s(f) = -f**2 + 63*f - 970. Give s(28).
10
Let p(u) = -3*u**3 - 22*u**2 - 4*u + 51. What is p(-7)?
30
Let r(l) = l**2 - 41*l - 31. Calculate r(40).
-71
Let s(b) = -7*b**2 + 105*b - 39. What is s(15)?
-39
Let f(x) = -6*x**2 + 113*x + 182. Calculate f(21).
-91
Let o(z) = -3*z**2 + 18*z + 72. Determine o(8).
24
Let m(d) = 10*d + 121. Calculate m(-14).
-19
Let l(q) = -3*q**2 + 138*q - 7. Give l(45).
128
Let h(g) = -g - 83. Calculate h(15).
-98
Let k(p) = -4*p - 478. Calculate k(-32).
-350
Let z(i) = i**2 + 11*i - 48. Calculate z(6).
54
Let u(h) = -38*h + 496. Determine u(11).
78
Let c(z) = -3*z**3 - 35*z**2 + 46*z + 66. Calculate c(-12).
-342
Let j(k) = 199*k - 2559. Give j(13).
28
Let z(v) = -v**3 + 13*v**2 - 17*v - 33. Calculate z(11).
22
Let c(h) = h**3 - 95*h**2 - 190*h - 306. Calculate c(97).
82
Let t(b) = -b**2 - 39*b - 203. Calculate t(-6).
-5
Let t(q) = -q**2 + 121*q - 2167. Calculate t(22).
11
Let i(w) = -w**3 - 20*w**2 + 30*w - 3. Give i(-21).
-192
Let n(t) = 101*t**2 - 27*t + 10. Determine n(-3).
1000
Let q(h) = 8*h**2 - 11*h - 135. What is q(5)?
10
Let r(z) = 2*z*